{"id":10,"date":"2022-06-05T18:28:46","date_gmt":"2022-06-05T16:28:46","guid":{"rendered":"http:\/\/jeux.guillaumediot.com\/?page_id=10"},"modified":"2026-02-22T16:25:38","modified_gmt":"2026-02-22T15:25:38","slug":"le-nouveau-e-mucem-ouvre-ses-portes-2","status":"publish","type":"page","link":"https:\/\/jeux.guillaumediot.com\/","title":{"rendered":"Bienvenue"},"content":{"rendered":"\n<div class=\"wp-block-group alignwide\"><div class=\"wp-block-group__inner-container is-layout-flow wp-block-group-is-layout-flow\">\n<h2 class=\"wp-block-heading has-text-align-center\">D\u00e9couvrez les jeux de Guillaume Diot, auteur Lyonnais de 35 ans<\/h2>\n<\/div><\/div>\n\n\n<p><!-- ===================== PROTOTYPE 1 : PLAN DE TABLE ===================== --><\/p>\n\n\n<div class=\"wp-block-group alignfull has-accent-background-color has-background\"><div class=\"wp-block-group__inner-container is-layout-flow wp-block-group-is-layout-flow\">\n<div class=\"wp-block-group alignwide\"><div class=\"wp-block-group__inner-container is-layout-flow wp-block-group-is-layout-flow\">\n<h2 class=\"wp-block-heading has-text-align-center has-background-color has-text-color\">D\u00e9couvrez Plan de table (Prototype)<\/h2>\n\n\n\n<div class=\"wp-block-group has-accent-background-color has-background\" style=\"border-radius:12px;margin-top:24px;margin-bottom:24px;padding-top:28px;padding-right:28px;padding-bottom:28px;padding-left:28px\"><div class=\"wp-block-group__inner-container is-layout-constrained wp-container-core-group-is-layout-71cec70d wp-block-group-is-layout-constrained\">\n<p><strong>Plan de table est un jeu de placement sur le th\u00e8me du mariage.<\/strong><\/p>\n\n\n\n<p><strong>Chaque joueur incarne un t\u00e9moin d&rsquo;un grand mariage pour lequel les mari\u00e9s ne savent pas comment organiser leur plan de salle.<\/strong><\/p>\n\n\n\n<p><strong>Le but pour chaque joueur est de gagner le plus de points possible en pla\u00e7ant de mani\u00e8re optimis\u00e9e des invit\u00e9s sur un plan de table. Le respect des crit\u00e8res de chacun des invit\u00e9s (car oui tata Huguette ne parle toujours pas \u00e0 mamie Fran\u00e7oise et Robin, le meilleur ami du mari\u00e9, est toujours en qu\u00eate de son \u00e2me s\u0153ur&#8230;), des sp\u00e9cificit\u00e9s de la salle et des demandes des mari\u00e9s permet de scorer.<\/strong><\/p>\n\n\n\n<p><strong>Ci-dessous des visuels du prototype en situation :<\/strong><\/p>\n\n\n\n<figure class=\"wp-block-gallery has-nested-images columns-2 is-cropped wp-block-gallery-1 is-layout-flex wp-block-gallery-is-layout-flex\">\n<figure class=\"wp-block-image size-large\"><img loading=\"lazy\" decoding=\"async\" width=\"768\" height=\"1024\" data-id=\"86\" src=\"http:\/\/jeux.guillaumediot.com\/wp-content\/uploads\/2022\/10\/20221002_114455-768x1024.jpg\" alt=\"\" class=\"wp-image-86\" srcset=\"https:\/\/jeux.guillaumediot.com\/wp-content\/uploads\/2022\/10\/20221002_114455-768x1024.jpg 768w, https:\/\/jeux.guillaumediot.com\/wp-content\/uploads\/2022\/10\/20221002_114455-225x300.jpg 225w, https:\/\/jeux.guillaumediot.com\/wp-content\/uploads\/2022\/10\/20221002_114455-1152x1536.jpg 1152w, https:\/\/jeux.guillaumediot.com\/wp-content\/uploads\/2022\/10\/20221002_114455-1536x2048.jpg 1536w, https:\/\/jeux.guillaumediot.com\/wp-content\/uploads\/2022\/10\/20221002_114455-1200x1600.jpg 1200w, https:\/\/jeux.guillaumediot.com\/wp-content\/uploads\/2022\/10\/20221002_114455-1980x2640.jpg 1980w, https:\/\/jeux.guillaumediot.com\/wp-content\/uploads\/2022\/10\/20221002_114455-scaled.jpg 1920w\" sizes=\"auto, (max-width: 768px) 100vw, 768px\" \/><\/figure>\n\n\n\n<figure class=\"wp-block-image size-large\"><img loading=\"lazy\" decoding=\"async\" width=\"768\" height=\"1024\" data-id=\"85\" src=\"http:\/\/jeux.guillaumediot.com\/wp-content\/uploads\/2022\/10\/20221002_114506-768x1024.jpg\" alt=\"\" class=\"wp-image-85\" srcset=\"https:\/\/jeux.guillaumediot.com\/wp-content\/uploads\/2022\/10\/20221002_114506-768x1024.jpg 768w, https:\/\/jeux.guillaumediot.com\/wp-content\/uploads\/2022\/10\/20221002_114506-225x300.jpg 225w, https:\/\/jeux.guillaumediot.com\/wp-content\/uploads\/2022\/10\/20221002_114506-1152x1536.jpg 1152w, https:\/\/jeux.guillaumediot.com\/wp-content\/uploads\/2022\/10\/20221002_114506-1536x2048.jpg 1536w, https:\/\/jeux.guillaumediot.com\/wp-content\/uploads\/2022\/10\/20221002_114506-1200x1600.jpg 1200w, https:\/\/jeux.guillaumediot.com\/wp-content\/uploads\/2022\/10\/20221002_114506-1980x2640.jpg 1980w, https:\/\/jeux.guillaumediot.com\/wp-content\/uploads\/2022\/10\/20221002_114506-scaled.jpg 1920w\" sizes=\"auto, (max-width: 768px) 100vw, 768px\" \/><\/figure>\n\n\n\n<figure class=\"wp-block-image size-large\"><img loading=\"lazy\" decoding=\"async\" width=\"768\" height=\"1024\" data-id=\"84\" src=\"http:\/\/jeux.guillaumediot.com\/wp-content\/uploads\/2022\/10\/20221002_092050-768x1024.jpg\" alt=\"\" class=\"wp-image-84\" srcset=\"https:\/\/jeux.guillaumediot.com\/wp-content\/uploads\/2022\/10\/20221002_092050-768x1024.jpg 768w, https:\/\/jeux.guillaumediot.com\/wp-content\/uploads\/2022\/10\/20221002_092050-225x300.jpg 225w, https:\/\/jeux.guillaumediot.com\/wp-content\/uploads\/2022\/10\/20221002_092050-1152x1536.jpg 1152w, https:\/\/jeux.guillaumediot.com\/wp-content\/uploads\/2022\/10\/20221002_092050-1536x2048.jpg 1536w, https:\/\/jeux.guillaumediot.com\/wp-content\/uploads\/2022\/10\/20221002_092050-1200x1600.jpg 1200w, https:\/\/jeux.guillaumediot.com\/wp-content\/uploads\/2022\/10\/20221002_092050-1980x2640.jpg 1980w, https:\/\/jeux.guillaumediot.com\/wp-content\/uploads\/2022\/10\/20221002_092050-scaled.jpg 1920w\" sizes=\"auto, (max-width: 768px) 100vw, 768px\" \/><figcaption class=\"wp-element-caption\">Octog\u00f4nes 12<\/figcaption><\/figure>\n<\/figure>\n\n\n\n<p><strong>\u00c9l\u00e9ments de jeu :<\/strong><br><br>Plan de table est un jeu comp\u00e9titif. \u00c0 chaque tour, un joueur peut placer un invit\u00e9, d\u00e9placer un invit\u00e9 ou d\u00e9fausser des cartes pour renouveler sa main. Les joueurs marquent des points en satisfaisant les demandes des invit\u00e9s et en remplissant les objectifs de table impos\u00e9s par les mari\u00e9s. Des \u00e9v\u00e9nements impr\u00e9vus peuvent \u00e9galement perturber l&rsquo;organisation. Le joueur avec le plus de points \u00e0 la fin de la partie gagne.<br><br><strong>Fiche technique :<\/strong><\/p>\n\n\n\n<p><strong>Nombre de joueurs : 2 \u00e0 4 joueurs<br>Cat\u00e9gorie de jeu : jeu de cartes<br>\u00c2ge : 12 ans et +<br>Niveau : Familial<br>Dur\u00e9e : 30 \u00e0 40 min<br>Mat\u00e9riel : 40 meeples de diff\u00e9rentes couleurs, 90 cartes, 5 plateaux table, 3 \u00e9l\u00e9ments de d\u00e9cors, 4 m\u00e9mos, 8 tuiles objectifs<\/strong><\/p>\n\n\n\n<p class=\"has-small-font-size\"><strong>Ce jeu cherche son \u00e9diteur, n&rsquo;h\u00e9sitez pas \u00e0 me contacter<\/strong><br><br><br><\/p>\n<\/div><\/div>\n<\/div><\/div>\n<\/div><\/div>\n\n\n<p><!-- ===================== PROTOTYPE 2 : LA TOUR CHANCEUSE ===================== --><\/p>\n\n\n<div class=\"wp-block-group alignfull has-background\" style=\"background-color:#4d0ac2\"><div class=\"wp-block-group__inner-container is-layout-flow wp-block-group-is-layout-flow\">\n<div class=\"wp-block-group alignwide\"><div class=\"wp-block-group__inner-container is-layout-flow wp-block-group-is-layout-flow\">\n<h2 class=\"wp-block-heading has-text-align-center has-background-color has-text-color\">D\u00e9couvrez La Tour Chanceuse (Prototype)<\/h2>\n\n\n\n<div class=\"wp-block-group has-background\" style=\"border-radius:12px;background-color:#4d0ac2;margin-top:24px;margin-bottom:24px;padding-top:28px;padding-right:28px;padding-bottom:28px;padding-left:28px\"><div class=\"wp-block-group__inner-container is-layout-constrained wp-container-core-group-is-layout-71cec70d wp-block-group-is-layout-constrained\">\n<p class=\"has-text-color has-link-color wp-elements-51c89f0036a3dc8f7cb4b946a0265255\" style=\"color:#ffffff\"><strong>La Tour Chanceuse<\/strong> est un jeu de reconnaissance visuelle et d\u2019exploration progressive pour les enfants de 2 ans \u00bd \u00e0 4 ans.<\/p>\n\n\n\n<p class=\"has-text-color has-link-color wp-elements-a89d3c1f80733aed7e401e71dc77e7f1\" style=\"color:#ffffff\">Le jeu repose sur une tour de cartes face cach\u00e9e et plusieurs cartes de r\u00e9f\u00e9rence visibles. \u00c0 tour de r\u00f4le, les enfants retournent une carte de la tour pour tenter de retrouver une illustration correspondante. En cas de r\u00e9ussite, la paire est gagn\u00e9e ; sinon, la carte est plac\u00e9e dans une d\u00e9fausse.<\/p>\n\n\n\n<p class=\"has-text-color has-link-color wp-elements-64f94583136f49dc93efd212dfbaa2bb\" style=\"color:#ffffff\"><strong>Progression :<\/strong> lorsque la tour est vide, la d\u00e9fausse est m\u00e9lang\u00e9e pour former une nouvelle tour, et une carte de r\u00e9f\u00e9rence suppl\u00e9mentaire est r\u00e9v\u00e9l\u00e9e. Le nombre de cartes \u00e0 reconna\u00eetre augmente ainsi progressivement, ce qui acc\u00e9l\u00e8re naturellement la partie et \u00e9vite les situations de blocage.<\/p>\n\n\n\n<p class=\"has-text-color has-link-color wp-elements-70b7b1336ecc06b5866462e2751cd1dd\" style=\"color:#ffffff\"><strong>Fiche technique :<\/strong><\/p>\n\n\n\n<p class=\"has-text-color has-link-color wp-elements-1af735a42885d3084ea758ed3bd15646\" style=\"color:#ffffff\"><strong>Nombre de joueurs : 1 \u00e0 4 joueurs<br>Cat\u00e9gorie de jeu : jeu de cartes<br>\u00c2ge : 2 ans \u00bd \u00e0 4 ans<br>Niveau : Premier \u00e2ge<br>Dur\u00e9e : 5 \u00e0 10 min<br>Mat\u00e9riel : 20 paires de cartes illustr\u00e9es (un jeu de memory peut servir de prototype)<\/strong><\/p>\n\n\n\n<p class=\"has-text-color has-link-color has-small-font-size wp-elements-635668c85a31d0d0bd9701375cb1ef02\" style=\"color:#ffffff\"><strong>Ce jeu cherche son \u00e9diteur, n&rsquo;h\u00e9sitez pas \u00e0 me contacter<\/strong><br><br><br><\/p>\n<\/div><\/div>\n<\/div><\/div>\n<\/div><\/div>\n\n\n<p><!-- ===================== FESTIVALS ===================== --><\/p>\n\n\n<h2 class=\"wp-block-heading has-text-align-center\">Rencontrez-nous en festival !<\/h2>\n\n\n\n<div class=\"wp-block-columns is-layout-flex wp-container-core-columns-is-layout-9d6595d7 wp-block-columns-is-layout-flex\">\n<div class=\"wp-block-column is-layout-flow wp-block-column-is-layout-flow\" style=\"flex-basis:100%\">\n<div class=\"wp-block-group\"><div class=\"wp-block-group__inner-container is-layout-constrained wp-block-group-is-layout-constrained\">\n<figure class=\"wp-block-gallery alignwide has-nested-images columns-default is-cropped wp-block-gallery-2 is-layout-flex wp-block-gallery-is-layout-flex\">\n<figure class=\"wp-block-image size-large size-small is-style-default\"><img loading=\"lazy\" decoding=\"async\" width=\"384\" height=\"257\" data-id=\"72\" src=\"https:\/\/jeux.guillaumediot.com\/wp-content\/uploads\/2022\/09\/logo-jouez-lete-1.png\" alt=\"\" class=\"wp-image-72\" srcset=\"https:\/\/jeux.guillaumediot.com\/wp-content\/uploads\/2022\/09\/logo-jouez-lete-1.png 384w, https:\/\/jeux.guillaumediot.com\/wp-content\/uploads\/2022\/09\/logo-jouez-lete-1-300x201.png 300w\" sizes=\"auto, (max-width: 384px) 100vw, 384px\" \/><figcaption class=\"wp-element-caption\"><strong><mark style=\"background-color:rgba(0, 0, 0, 0)\" class=\"has-inline-color has-background-color\">Jouez l&rsquo;\u00e9t\u00e9 2022 (9\/10 Juillet 2022)<\/mark><\/strong><\/figcaption><\/figure>\n\n\n\n<figure class=\"wp-block-image size-large size-small is-style-default\"><img loading=\"lazy\" decoding=\"async\" width=\"562\" height=\"562\" data-id=\"73\" src=\"https:\/\/jeux.guillaumediot.com\/wp-content\/uploads\/2022\/09\/renard_pages_site-octogones.png\" alt=\"\" class=\"wp-image-73\" srcset=\"https:\/\/jeux.guillaumediot.com\/wp-content\/uploads\/2022\/09\/renard_pages_site-octogones.png 562w, https:\/\/jeux.guillaumediot.com\/wp-content\/uploads\/2022\/09\/renard_pages_site-octogones-300x300.png 300w, https:\/\/jeux.guillaumediot.com\/wp-content\/uploads\/2022\/09\/renard_pages_site-octogones-150x150.png 150w\" sizes=\"auto, (max-width: 562px) 100vw, 562px\" \/><figcaption class=\"wp-element-caption\"><mark style=\"background-color:rgba(0, 0, 0, 0)\" class=\"has-inline-color has-background-color\"><strong>OctoG\u00f4nes (30 septembre au 2 octobre 2022)<\/strong><\/mark><\/figcaption><\/figure>\n\n\n\n<figure class=\"wp-block-image size-large size-small\"><img loading=\"lazy\" decoding=\"async\" width=\"505\" height=\"510\" data-id=\"101\" src=\"https:\/\/jeux.guillaumediot.com\/wp-content\/uploads\/2023\/01\/LOGO_CM_titre_bleu.png\" alt=\"\" class=\"wp-image-101\" srcset=\"https:\/\/jeux.guillaumediot.com\/wp-content\/uploads\/2023\/01\/LOGO_CM_titre_bleu.png 505w, https:\/\/jeux.guillaumediot.com\/wp-content\/uploads\/2023\/01\/LOGO_CM_titre_bleu-297x300.png 297w, https:\/\/jeux.guillaumediot.com\/wp-content\/uploads\/2023\/01\/LOGO_CM_titre_bleu-150x150.png 150w\" sizes=\"auto, (max-width: 505px) 100vw, 505px\" \/><figcaption class=\"wp-element-caption\">Croisi\u00e8re expert capitaine meeple 2022 (16 au 23 octobre 2022)<\/figcaption><\/figure>\n\n\n\n<figure class=\"wp-block-image size-large size-small\"><img loading=\"lazy\" decoding=\"async\" width=\"400\" height=\"400\" data-id=\"94\" src=\"https:\/\/jeux.guillaumediot.com\/wp-content\/uploads\/2022\/10\/logo_canne.jpg\" alt=\"\" class=\"wp-image-94\" srcset=\"https:\/\/jeux.guillaumediot.com\/wp-content\/uploads\/2022\/10\/logo_canne.jpg 400w, https:\/\/jeux.guillaumediot.com\/wp-content\/uploads\/2022\/10\/logo_canne-300x300.jpg 300w, https:\/\/jeux.guillaumediot.com\/wp-content\/uploads\/2022\/10\/logo_canne-150x150.jpg 150w\" sizes=\"auto, (max-width: 400px) 100vw, 400px\" \/><figcaption class=\"wp-element-caption\">FIJ 2023<\/figcaption><\/figure>\n<\/figure>\n<\/div><\/div>\n<\/div>\n<\/div>\n","protected":false},"excerpt":{"rendered":"<p>D\u00e9couvrez les jeux de Guillaume Diot, auteur Lyonnais de 35 ans D\u00e9couvrez Plan de table (Prototype) Plan de table est un jeu de placement sur le th\u00e8me du mariage. Chaque joueur incarne un t\u00e9moin d&rsquo;un grand mariage pour lequel les mari\u00e9s ne savent pas comment organiser leur plan de salle. Le but pour chaque joueur [&hellip;]<\/p>\n","protected":false},"author":1,"featured_media":0,"parent":0,"menu_order":0,"comment_status":"closed","ping_status":"closed","template":"","meta":{"footnotes":""},"class_list":["post-10","page","type-page","status-publish","hentry"],"_links":{"self":[{"href":"https:\/\/jeux.guillaumediot.com\/index.php\/wp-json\/wp\/v2\/pages\/10","targetHints":{"allow":["GET"]}}],"collection":[{"href":"https:\/\/jeux.guillaumediot.com\/index.php\/wp-json\/wp\/v2\/pages"}],"about":[{"href":"https:\/\/jeux.guillaumediot.com\/index.php\/wp-json\/wp\/v2\/types\/page"}],"author":[{"embeddable":true,"href":"https:\/\/jeux.guillaumediot.com\/index.php\/wp-json\/wp\/v2\/users\/1"}],"replies":[{"embeddable":true,"href":"https:\/\/jeux.guillaumediot.com\/index.php\/wp-json\/wp\/v2\/comments?post=10"}],"version-history":[{"count":39,"href":"https:\/\/jeux.guillaumediot.com\/index.php\/wp-json\/wp\/v2\/pages\/10\/revisions"}],"predecessor-version":[{"id":131,"href":"https:\/\/jeux.guillaumediot.com\/index.php\/wp-json\/wp\/v2\/pages\/10\/revisions\/131"}],"wp:attachment":[{"href":"https:\/\/jeux.guillaumediot.com\/index.php\/wp-json\/wp\/v2\/media?parent=10"}],"curies":[{"name":"wp","href":"https:\/\/api.w.org\/{rel}","templated":true}]}}